{"id":193,"date":"2021-11-04T20:00:35","date_gmt":"2021-11-04T20:00:35","guid":{"rendered":"https:\/\/jardinkangaroo.cl\/?post_type=product&#038;p=193"},"modified":"2023-04-25T20:12:16","modified_gmt":"2023-04-25T20:12:16","slug":"matricula-2022","status":"publish","type":"product","link":"https:\/\/jardinkangaroo.cl\/?product=matricula-2022","title":{"rendered":"Matricula 2022"},"content":{"rendered":"<p><strong>Valor Matr\u00edcula: $300.000 anual<\/strong><\/p>\n<p>Incluye los materiales escolares de todo el a\u00f1o, agenda virtual y clases online todo el a\u00f1o. En caso de retiro no se devolver\u00e1 costo de la matr\u00edcula.<\/p>\n<p>Llene el formulario<a href=\"https:\/\/jardinkangaroo.cl\/wp-content\/uploads\/2022\/01\/Nueva_FICHA_inscripcion-2022-kangaroo.pdf\"><strong>\u00a0Ficha de Matr\u00edcula 2022<\/strong><\/a> gu\u00e1rdelo en su dispositivo m\u00f3vil o PC y env\u00edelo al correo <a href=\"mailto:jardinkangaroo@gmail.com\">jardinkangaroo@gmail.com<\/a>, junto con los siguientes documentos:<\/p>\n<ol>\n<li>Certificado de Nacimiento del Alumno<\/li>\n<li>Certificado de Vacunas<\/li>\n<li>Fotocopia Carnet vigente por ambos lados<\/li>\n<li>Carta de adhesi\u00f3n al proyecto educativo<\/li>\n<li>Recepci\u00f3n conforme del reglamento interno<\/li>\n<li>Comprobante de Domicilio, boleta de servicios b\u00e1sicos o certificado otorgado por la junta de vecinos o carabineros<\/li>\n<li><strong>Comprobante de pago de matr\u00edcula 2022<\/strong><\/li>\n<\/ol>\n<p><strong>Hecho esto su matr\u00edcula quedar\u00e9 reservada.<\/strong><\/p>\n","protected":false},"excerpt":{"rendered":"<p>Incluye los materiales escolares de todo el a\u00f1o, agenda electr\u00f3nica agenda virtual\u00a0 y clases online todo el a\u00f1o. En caso de retiro no se devolver\u00e1 costo de la matr\u00edcula.<\/p>\n","protected":false},"featured_media":44,"comment_status":"open","ping_status":"closed","template":"","meta":[],"product_cat":[17],"product_tag":[],"class_list":{"0":"post-193","1":"product","2":"type-product","3":"status-publish","4":"has-post-thumbnail","6":"product_cat-matriculas","8":"first","9":"instock","10":"taxable","11":"shipping-taxable","12":"purchasable","13":"product-type-variable"},"yoast_head":"<!-- This site is optimized with the Yoast SEO plugin v20.6 - https:\/\/yoast.com\/wordpress\/plugins\/seo\/ -->\n<title>Matricula 2022 - Jard\u00edn Kangaroo<\/title>\n<meta name=\"robots\" content=\"index, follow, max-snippet:-1, max-image-preview:large, max-video-preview:-1\" \/>\n<link rel=\"canonical\" href=\"https:\/\/jardinkangaroo.cl\/?product=matricula-2022\" \/>\n<meta property=\"og:locale\" content=\"es_ES\" \/>\n<meta property=\"og:type\" content=\"article\" \/>\n<meta property=\"og:title\" content=\"Matricula 2022 - Jard\u00edn Kangaroo\" \/>\n<meta property=\"og:description\" content=\"Incluye los materiales escolares de todo el a\u00f1o, agenda electr\u00f3nica agenda virtual\u00a0 y clases online todo el a\u00f1o. En caso de retiro no se devolver\u00e1 costo de la matr\u00edcula.\" \/>\n<meta property=\"og:url\" content=\"https:\/\/jardinkangaroo.cl\/?product=matricula-2022\" \/>\n<meta property=\"og:site_name\" content=\"Jard\u00edn Kangaroo\" \/>\n<meta property=\"article:modified_time\" content=\"2023-04-25T20:12:16+00:00\" \/>\n<meta property=\"og:image\" content=\"https:\/\/jardinkangaroo.cl\/wp-content\/uploads\/2021\/11\/web-kangaroo-foto9.png\" \/>\n\t<meta property=\"og:image:width\" content=\"601\" \/>\n\t<meta property=\"og:image:height\" content=\"413\" \/>\n\t<meta property=\"og:image:type\" content=\"image\/png\" \/>\n<meta name=\"twitter:card\" content=\"summary_large_image\" \/>\n<meta name=\"twitter:label1\" content=\"Tiempo de lectura\" \/>\n\t<meta name=\"twitter:data1\" content=\"1 minuto\" \/>\n<script type=\"application\/ld+json\" class=\"yoast-schema-graph\">{\"@context\":\"https:\/\/schema.org\",\"@graph\":[{\"@type\":\"WebPage\",\"@id\":\"https:\/\/jardinkangaroo.cl\/?product=matricula-2022\",\"url\":\"https:\/\/jardinkangaroo.cl\/?product=matricula-2022\",\"name\":\"Matricula 2022 - Jard\u00edn Kangaroo\",\"isPartOf\":{\"@id\":\"https:\/\/jardinkangaroo.cl\/#website\"},\"datePublished\":\"2021-11-04T20:00:35+00:00\",\"dateModified\":\"2023-04-25T20:12:16+00:00\",\"breadcrumb\":{\"@id\":\"https:\/\/jardinkangaroo.cl\/?product=matricula-2022#breadcrumb\"},\"inLanguage\":\"es\",\"potentialAction\":[{\"@type\":\"ReadAction\",\"target\":[\"https:\/\/jardinkangaroo.cl\/?product=matricula-2022\"]}]},{\"@type\":\"BreadcrumbList\",\"@id\":\"https:\/\/jardinkangaroo.cl\/?product=matricula-2022#breadcrumb\",\"itemListElement\":[{\"@type\":\"ListItem\",\"position\":1,\"name\":\"Portada\",\"item\":\"https:\/\/jardinkangaroo.cl\/\"},{\"@type\":\"ListItem\",\"position\":2,\"name\":\"Tienda\",\"item\":\"https:\/\/jardinkangaroo.cl\/?page_id=6\"},{\"@type\":\"ListItem\",\"position\":3,\"name\":\"Matricula 2022\"}]},{\"@type\":\"WebSite\",\"@id\":\"https:\/\/jardinkangaroo.cl\/#website\",\"url\":\"https:\/\/jardinkangaroo.cl\/\",\"name\":\"Jard\u00edn Kangaroo\",\"description\":\"Jard\u00edn Infantil y Sala Cuna en Chicureo\",\"publisher\":{\"@id\":\"https:\/\/jardinkangaroo.cl\/#organization\"},\"potentialAction\":[{\"@type\":\"SearchAction\",\"target\":{\"@type\":\"EntryPoint\",\"urlTemplate\":\"https:\/\/jardinkangaroo.cl\/?s={search_term_string}\"},\"query-input\":\"required name=search_term_string\"}],\"inLanguage\":\"es\"},{\"@type\":\"Organization\",\"@id\":\"https:\/\/jardinkangaroo.cl\/#organization\",\"name\":\"Jard\u00edn Kangaroo\",\"url\":\"https:\/\/jardinkangaroo.cl\/\",\"logo\":{\"@type\":\"ImageObject\",\"inLanguage\":\"es\",\"@id\":\"https:\/\/jardinkangaroo.cl\/#\/schema\/logo\/image\/\",\"url\":\"https:\/\/jardinkangaroo.cl\/wp-content\/uploads\/2025\/02\/cropped-Wordmark.png\",\"contentUrl\":\"https:\/\/jardinkangaroo.cl\/wp-content\/uploads\/2025\/02\/cropped-Wordmark.png\",\"width\":318,\"height\":74,\"caption\":\"Jard\u00edn Kangaroo\"},\"image\":{\"@id\":\"https:\/\/jardinkangaroo.cl\/#\/schema\/logo\/image\/\"}}]}<\/script>\n<!-- \/ Yoast SEO plugin. -->","yoast_head_json":{"title":"Matricula 2022 - Jard\u00edn Kangaroo","robots":{"index":"index","follow":"follow","max-snippet":"max-snippet:-1","max-image-preview":"max-image-preview:large","max-video-preview":"max-video-preview:-1"},"canonical":"https:\/\/jardinkangaroo.cl\/?product=matricula-2022","og_locale":"es_ES","og_type":"article","og_title":"Matricula 2022 - Jard\u00edn Kangaroo","og_description":"Incluye los materiales escolares de todo el a\u00f1o, agenda electr\u00f3nica agenda virtual\u00a0 y clases online todo el a\u00f1o. En caso de retiro no se devolver\u00e1 costo de la matr\u00edcula.","og_url":"https:\/\/jardinkangaroo.cl\/?product=matricula-2022","og_site_name":"Jard\u00edn Kangaroo","article_modified_time":"2023-04-25T20:12:16+00:00","og_image":[{"width":601,"height":413,"url":"https:\/\/jardinkangaroo.cl\/wp-content\/uploads\/2021\/11\/web-kangaroo-foto9.png","type":"image\/png"}],"twitter_card":"summary_large_image","twitter_misc":{"Tiempo de lectura":"1 minuto"},"schema":{"@context":"https:\/\/schema.org","@graph":[{"@type":"WebPage","@id":"https:\/\/jardinkangaroo.cl\/?product=matricula-2022","url":"https:\/\/jardinkangaroo.cl\/?product=matricula-2022","name":"Matricula 2022 - Jard\u00edn Kangaroo","isPartOf":{"@id":"https:\/\/jardinkangaroo.cl\/#website"},"datePublished":"2021-11-04T20:00:35+00:00","dateModified":"2023-04-25T20:12:16+00:00","breadcrumb":{"@id":"https:\/\/jardinkangaroo.cl\/?product=matricula-2022#breadcrumb"},"inLanguage":"es","potentialAction":[{"@type":"ReadAction","target":["https:\/\/jardinkangaroo.cl\/?product=matricula-2022"]}]},{"@type":"BreadcrumbList","@id":"https:\/\/jardinkangaroo.cl\/?product=matricula-2022#breadcrumb","itemListElement":[{"@type":"ListItem","position":1,"name":"Portada","item":"https:\/\/jardinkangaroo.cl\/"},{"@type":"ListItem","position":2,"name":"Tienda","item":"https:\/\/jardinkangaroo.cl\/?page_id=6"},{"@type":"ListItem","position":3,"name":"Matricula 2022"}]},{"@type":"WebSite","@id":"https:\/\/jardinkangaroo.cl\/#website","url":"https:\/\/jardinkangaroo.cl\/","name":"Jard\u00edn Kangaroo","description":"Jard\u00edn Infantil y Sala Cuna en Chicureo","publisher":{"@id":"https:\/\/jardinkangaroo.cl\/#organization"},"potentialAction":[{"@type":"SearchAction","target":{"@type":"EntryPoint","urlTemplate":"https:\/\/jardinkangaroo.cl\/?s={search_term_string}"},"query-input":"required name=search_term_string"}],"inLanguage":"es"},{"@type":"Organization","@id":"https:\/\/jardinkangaroo.cl\/#organization","name":"Jard\u00edn Kangaroo","url":"https:\/\/jardinkangaroo.cl\/","logo":{"@type":"ImageObject","inLanguage":"es","@id":"https:\/\/jardinkangaroo.cl\/#\/schema\/logo\/image\/","url":"https:\/\/jardinkangaroo.cl\/wp-content\/uploads\/2025\/02\/cropped-Wordmark.png","contentUrl":"https:\/\/jardinkangaroo.cl\/wp-content\/uploads\/2025\/02\/cropped-Wordmark.png","width":318,"height":74,"caption":"Jard\u00edn Kangaroo"},"image":{"@id":"https:\/\/jardinkangaroo.cl\/#\/schema\/logo\/image\/"}}]}},"_links":{"self":[{"href":"https:\/\/jardinkangaroo.cl\/index.php?rest_route=\/wp\/v3\/product\/193","targetHints":{"allow":["GET"]}}],"collection":[{"href":"https:\/\/jardinkangaroo.cl\/index.php?rest_route=\/wp\/v3\/product"}],"about":[{"href":"https:\/\/jardinkangaroo.cl\/index.php?rest_route=\/wp\/v2\/types\/product"}],"replies":[{"embeddable":true,"href":"https:\/\/jardinkangaroo.cl\/index.php?rest_route=%2Fwp%2Fv2%2Fcomments&post=193"}],"wp:featuredmedia":[{"embeddable":true,"href":"https:\/\/jardinkangaroo.cl\/index.php?rest_route=\/wp\/v2\/media\/44"}],"wp:attachment":[{"href":"https:\/\/jardinkangaroo.cl\/index.php?rest_route=%2Fwp%2Fv2%2Fmedia&parent=193"}],"wp:term":[{"taxonomy":"product_cat","embeddable":true,"href":"https:\/\/jardinkangaroo.cl\/index.php?rest_route=%2Fwp%2Fv2%2Fproduct_cat&post=193"},{"taxonomy":"product_tag","embeddable":true,"href":"https:\/\/jardinkangaroo.cl\/index.php?rest_route=%2Fwp%2Fv2%2Fproduct_tag&post=193"}],"curies":[{"name":"wp","href":"https:\/\/api.w.org\/{rel}","templated":true}]}}